{"id":6548,"date":"2025-07-23T21:27:42","date_gmt":"2025-07-23T21:27:42","guid":{"rendered":"https:\/\/sintrabancol.org\/2024\/?page_id=6548"},"modified":"2025-08-04T16:17:10","modified_gmt":"2025-08-04T16:17:10","slug":"documentos-y-formatos","status":"publish","type":"page","link":"https:\/\/sintrabancol.org\/2024\/documentos-y-formatos\/","title":{"rendered":"Documentos y formatos"},"content":{"rendered":"\t\t<div data-elementor-type=\"wp-page\" data-elementor-id=\"6548\" class=\"elementor elementor-6548\">\n\t\t\t\t<div class=\"elementor-element elementor-element-9b981a8 e-flex e-con-boxed e-con e-parent\" data-id=\"9b981a8\" data-element_type=\"container\" data-e-type=\"container\">\n\t\t\t\t\t<div class=\"e-con-inner\">\n\t\t\t\t<div class=\"elementor-element elementor-element-f043660 elementor-widget elementor-widget-text-editor\" data-id=\"f043660\" data-element_type=\"widget\" data-e-type=\"widget\" data-widget_type=\"text-editor.default\">\n\t\t\t\t<div class=\"elementor-widget-container\">\n\t\t\t\t\t\t\t\t\t<ul>\n<li><a href=\"https:\/\/sintrabancol.org\/2024\/wp-content\/uploads\/2025\/08\/Convencion-Colectiva-de-Trabajo-2023-2026.pdf\">Convencion Colectiva de Trabajo 2023-2026<\/a><\/li><li><a href=\"https:\/\/sintrabancol.org\/2024\/wp-content\/uploads\/2025\/08\/auxilios-funerarios.pdf\">Formato de auxilios funerarios<\/a><\/li>\n<li><a href=\"https:\/\/sintrabancol.org\/2024\/wp-content\/uploads\/2025\/08\/FORMATO-AUXILIO-JURIDICO-PDF-2021.pdf\">Formato de aux\u00edlios jur\u00eddicos<\/a><\/li>\n<li><a href=\"https:\/\/sintrabancol.org\/2024\/wp-content\/uploads\/2025\/08\/Formato_Afiliacion.pdf\">Formato de afiliaci\u00f3n<\/a><\/li>\n<li><a href=\"https:\/\/sintrabancol.org\/2024\/wp-content\/uploads\/2025\/08\/Derechos-Convencioanles-2025-1-2-pliego.pdf\">Derechos Convencioanles 2025 (1-2 pliego)<\/a><\/li>\n<li><a href=\"https:\/\/sintrabancol.org\/2024\/wp-content\/uploads\/2025\/08\/estatutos-sintrabancol.pdf\">Estatutos de Sintrabancol<\/a><\/li>\n<li><a href=\"https:\/\/sintrabancol.org\/2024\/wp-content\/uploads\/2025\/08\/Formato-Solicitud-Centros-Vacacionales-Def.pdf\">Formato Solicitud centros vacacionales<\/a><\/li>\n<\/ul>\t\t\t\t\t\t\t\t<\/div>\n\t\t\t\t<\/div>\n\t\t\t\t\t<\/div>\n\t\t\t\t<\/div>\n\t\t\t\t<\/div>\n\t\t","protected":false},"excerpt":{"rendered":"<p>Convencion Colectiva de Trabajo 2023-2026 Formato de auxilios funerarios Formato de aux\u00edlios jur\u00eddicos Formato de afiliaci\u00f3n Derechos Convencioanles 2025 (1-2 pliego) Estatutos de Sintrabancol Formato Solicitud centros vacacionales<\/p>\n","protected":false},"author":1,"featured_media":0,"parent":0,"menu_order":0,"comment_status":"closed","ping_status":"closed","template":"","meta":{"pagelayer_contact_templates":[],"_pagelayer_content":"","footnotes":""},"class_list":["post-6548","page","type-page","status-publish","hentry"],"_links":{"self":[{"href":"https:\/\/sintrabancol.org\/2024\/wp-json\/wp\/v2\/pages\/6548","targetHints":{"allow":["GET"]}}],"collection":[{"href":"https:\/\/sintrabancol.org\/2024\/wp-json\/wp\/v2\/pages"}],"about":[{"href":"https:\/\/sintrabancol.org\/2024\/wp-json\/wp\/v2\/types\/page"}],"author":[{"embeddable":true,"href":"https:\/\/sintrabancol.org\/2024\/wp-json\/wp\/v2\/users\/1"}],"replies":[{"embeddable":true,"href":"https:\/\/sintrabancol.org\/2024\/wp-json\/wp\/v2\/comments?post=6548"}],"version-history":[{"count":19,"href":"https:\/\/sintrabancol.org\/2024\/wp-json\/wp\/v2\/pages\/6548\/revisions"}],"predecessor-version":[{"id":6718,"href":"https:\/\/sintrabancol.org\/2024\/wp-json\/wp\/v2\/pages\/6548\/revisions\/6718"}],"wp:attachment":[{"href":"https:\/\/sintrabancol.org\/2024\/wp-json\/wp\/v2\/media?parent=6548"}],"curies":[{"name":"wp","href":"https:\/\/api.w.org\/{rel}","templated":true}]}}