{"id":23,"date":"2024-05-21T05:04:25","date_gmt":"2024-05-21T05:04:25","guid":{"rendered":"https:\/\/cosion.themeori.com\/?page_id=23"},"modified":"2025-08-04T15:33:55","modified_gmt":"2025-08-04T15:33:55","slug":"team","status":"publish","type":"page","link":"https:\/\/sintrabancol.org\/2024\/team\/","title":{"rendered":"Junta Directiva Nacional de SINTRABANCOL"},"content":{"rendered":"\t\t<div data-elementor-type=\"wp-page\" data-elementor-id=\"23\" class=\"elementor elementor-23\">\n\t\t\t\t\t\t<section class=\"elementor-section elementor-top-section elementor-element elementor-element-dfb0177 elementor-section-boxed elementor-section-height-default elementor-section-height-default\" data-id=\"dfb0177\" data-element_type=\"section\" data-e-type=\"section\">\n\t\t\t\t\t\t<div class=\"elementor-container elementor-column-gap-default\">\n\t\t\t\t\t<div class=\"elementor-column elementor-col-100 elementor-top-column elementor-element elementor-element-ef8a2c1\" data-id=\"ef8a2c1\" data-element_type=\"column\" data-e-type=\"column\">\n\t\t\t<div class=\"elementor-widget-wrap elementor-element-populated\">\n\t\t\t\t\t\t<div class=\"elementor-element elementor-element-cb3e5c7 elementor-widget__width-initial elementor-widget elementor-widget-flexitype-team\" data-id=\"cb3e5c7\" data-element_type=\"widget\" data-e-type=\"widget\" data-widget_type=\"flexitype-team.default\">\n\t\t\t\t<div class=\"elementor-widget-container\">\n\t\t\t\t\t    <div class=\"flexitype_team-item\">\r\n        <div class=\"flexitype_team-item-image\">\r\n            <img decoding=\"async\" src=\"https:\/\/sintrabancol.org\/2024\/wp-content\/uploads\/2025\/07\/ADAN-FERNEY-PINEDA-BONILLA.png\" alt=\"No alt text\" \/>        <\/div>\r\n        <div class=\"flexitype_team-item-content\">            \r\n            <div class=\"title\">\r\n                <h6>\r\n                                            ADAN FERNEY PINEDA BONILLA                                    <\/h6>\r\n                <span>Presidente<\/span>\r\n            <\/div>\r\n                            <div class=\"flexitype_team-item-content-icon\">\r\n                    <span class=\"fa-sharp fa-regular fa-share-nodes\"><\/span>\r\n                    <div class=\"flexitype_team-item-content-social\">\r\n                        <ul>\r\n                                                            <li><a href=\"https:\/\/facebook.com\">\r\n                                    <i class=\"fab fa-facebook-f\"><\/i>\r\n                                <\/a><\/li>\r\n                                                            <li><a href=\"https:\/\/x.com\">\r\n                                    <i class=\"fab fa-x-twitter\"><\/i>\r\n                                <\/a><\/li>\r\n                                                            <li><a href=\"https:\/\/instagram.com\">\r\n                                    <i class=\"fab fa-instagram\"><\/i>\r\n                                <\/a><\/li>\r\n                                                            <li><a href=\"https:\/\/linkedin.com\">\r\n                                    <i class=\"fab fa-linkedin-in\"><\/i>\r\n                                <\/a><\/li>\r\n                                                    <\/ul>\r\n                    <\/div>\r\n                <\/div>\r\n                    <\/div>\r\n    <\/div>\r\n\t\t\t\t<\/div>\n\t\t\t\t<\/div>\n\t\t\t\t<div class=\"elementor-element elementor-element-5827e53 elementor-widget__width-initial elementor-widget elementor-widget-flexitype-team\" data-id=\"5827e53\" data-element_type=\"widget\" data-e-type=\"widget\" data-widget_type=\"flexitype-team.default\">\n\t\t\t\t<div class=\"elementor-widget-container\">\n\t\t\t\t\t    <div class=\"flexitype_team-item\">\r\n        <div class=\"flexitype_team-item-image\">\r\n            <img decoding=\"async\" src=\"https:\/\/sintrabancol.org\/2024\/wp-content\/uploads\/2025\/07\/LUIS-ENRIQUE-LARA-TORRES.png\" alt=\"No alt text\" \/>        <\/div>\r\n        <div class=\"flexitype_team-item-content\">            \r\n            <div class=\"title\">\r\n                <h6>\r\n                                            LUIS ENRIQUE LARA TORRES                                    <\/h6>\r\n                <span>Vicepresidente<\/span>\r\n            <\/div>\r\n                            <div class=\"flexitype_team-item-content-icon\">\r\n                    <span class=\"fa-sharp fa-regular fa-share-nodes\"><\/span>\r\n                    <div class=\"flexitype_team-item-content-social\">\r\n                        <ul>\r\n                                                            <li><a href=\"https:\/\/facebook.com\">\r\n                                    <i class=\"fab fa-facebook-f\"><\/i>\r\n                                <\/a><\/li>\r\n                                                            <li><a href=\"https:\/\/x.com\">\r\n                                    <i class=\"fab fa-x-twitter\"><\/i>\r\n                                <\/a><\/li>\r\n                                                            <li><a href=\"https:\/\/instagram.com\">\r\n                                    <i class=\"fab fa-instagram\"><\/i>\r\n                                <\/a><\/li>\r\n                                                            <li><a href=\"https:\/\/linkedin.com\">\r\n                                    <i class=\"fab fa-linkedin-in\"><\/i>\r\n                                <\/a><\/li>\r\n                                                    <\/ul>\r\n                    <\/div>\r\n                <\/div>\r\n                    <\/div>\r\n    <\/div>\r\n\t\t\t\t<\/div>\n\t\t\t\t<\/div>\n\t\t\t\t<div class=\"elementor-element elementor-element-48bb6c3 elementor-widget__width-initial elementor-widget elementor-widget-flexitype-team\" data-id=\"48bb6c3\" data-element_type=\"widget\" data-e-type=\"widget\" data-widget_type=\"flexitype-team.default\">\n\t\t\t\t<div class=\"elementor-widget-container\">\n\t\t\t\t\t    <div class=\"flexitype_team-item\">\r\n        <div class=\"flexitype_team-item-image\">\r\n            <img decoding=\"async\" src=\"https:\/\/sintrabancol.org\/2024\/wp-content\/uploads\/2025\/07\/9.png\" alt=\"No alt text\" \/>        <\/div>\r\n        <div class=\"flexitype_team-item-content\">            \r\n            <div class=\"title\">\r\n                <h6>\r\n                                            WILSON ENRIQUE DELGADO DUARTE                                    <\/h6>\r\n                <span>Secretario General<\/span>\r\n            <\/div>\r\n                            <div class=\"flexitype_team-item-content-icon\">\r\n                    <span class=\"fa-sharp fa-regular fa-share-nodes\"><\/span>\r\n                    <div class=\"flexitype_team-item-content-social\">\r\n                        <ul>\r\n                                                            <li><a href=\"https:\/\/facebook.com\">\r\n                                    <i class=\"fab fa-facebook-f\"><\/i>\r\n                                <\/a><\/li>\r\n                                                            <li><a href=\"https:\/\/x.com\">\r\n                                    <i class=\"fab fa-x-twitter\"><\/i>\r\n                                <\/a><\/li>\r\n                                                            <li><a href=\"https:\/\/instagram.com\">\r\n                                    <i class=\"fab fa-instagram\"><\/i>\r\n                                <\/a><\/li>\r\n                                                            <li><a href=\"https:\/\/linkedin.com\">\r\n                                    <i class=\"fab fa-linkedin-in\"><\/i>\r\n                                <\/a><\/li>\r\n                                                    <\/ul>\r\n                    <\/div>\r\n                <\/div>\r\n                    <\/div>\r\n    <\/div>\r\n\t\t\t\t<\/div>\n\t\t\t\t<\/div>\n\t\t\t\t<div class=\"elementor-element elementor-element-cf43cb4 elementor-widget__width-initial elementor-widget elementor-widget-flexitype-team\" data-id=\"cf43cb4\" data-element_type=\"widget\" data-e-type=\"widget\" data-widget_type=\"flexitype-team.default\">\n\t\t\t\t<div class=\"elementor-widget-container\">\n\t\t\t\t\t    <div class=\"flexitype_team-item\">\r\n        <div class=\"flexitype_team-item-image\">\r\n            <img decoding=\"async\" src=\"https:\/\/sintrabancol.org\/2024\/wp-content\/uploads\/2025\/07\/2-2.png\" alt=\"No alt text\" \/>        <\/div>\r\n        <div class=\"flexitype_team-item-content\">            \r\n            <div class=\"title\">\r\n                <h6>\r\n                                            CARLOS ADOLFO GONZ\u00c1LEZ FLORI\u00c1N                                    <\/h6>\r\n                <span>Fiscal<\/span>\r\n            <\/div>\r\n                            <div class=\"flexitype_team-item-content-icon\">\r\n                    <span class=\"fa-sharp fa-regular fa-share-nodes\"><\/span>\r\n                    <div class=\"flexitype_team-item-content-social\">\r\n                        <ul>\r\n                                                            <li><a href=\"https:\/\/facebook.com\">\r\n                                    <i class=\"fab fa-facebook-f\"><\/i>\r\n                                <\/a><\/li>\r\n                                                            <li><a href=\"https:\/\/x.com\">\r\n                                    <i class=\"fab fa-x-twitter\"><\/i>\r\n                                <\/a><\/li>\r\n                                                            <li><a href=\"https:\/\/instagram.com\">\r\n                                    <i class=\"fab fa-instagram\"><\/i>\r\n                                <\/a><\/li>\r\n                                                            <li><a href=\"https:\/\/linkedin.com\">\r\n                                    <i class=\"fab fa-linkedin-in\"><\/i>\r\n                                <\/a><\/li>\r\n                                                    <\/ul>\r\n                    <\/div>\r\n                <\/div>\r\n                    <\/div>\r\n    <\/div>\r\n\t\t\t\t<\/div>\n\t\t\t\t<\/div>\n\t\t\t\t<div class=\"elementor-element elementor-element-2ac50fe elementor-widget__width-initial elementor-widget elementor-widget-flexitype-team\" data-id=\"2ac50fe\" data-element_type=\"widget\" data-e-type=\"widget\" data-widget_type=\"flexitype-team.default\">\n\t\t\t\t<div class=\"elementor-widget-container\">\n\t\t\t\t\t    <div class=\"flexitype_team-item\">\r\n        <div class=\"flexitype_team-item-image\">\r\n            <img decoding=\"async\" src=\"https:\/\/sintrabancol.org\/2024\/wp-content\/uploads\/2025\/07\/JUAN-ROBERT-MONTEALEGRE-LEON.png\" alt=\"No alt text\" \/>        <\/div>\r\n        <div class=\"flexitype_team-item-content\">            \r\n            <div class=\"title\">\r\n                <h6>\r\n                                            JUAN ROBERT MONTEALEGRE LE\u00d3N                                    <\/h6>\r\n                <span>Secretar\u00eda de Educaci\u00f3n<\/span>\r\n            <\/div>\r\n                            <div class=\"flexitype_team-item-content-icon\">\r\n                    <span class=\"fa-sharp fa-regular fa-share-nodes\"><\/span>\r\n                    <div class=\"flexitype_team-item-content-social\">\r\n                        <ul>\r\n                                                            <li><a href=\"https:\/\/facebook.com\">\r\n                                    <i class=\"fab fa-facebook-f\"><\/i>\r\n                                <\/a><\/li>\r\n                                                            <li><a href=\"https:\/\/x.com\">\r\n                                    <i class=\"fab fa-x-twitter\"><\/i>\r\n                                <\/a><\/li>\r\n                                                            <li><a href=\"https:\/\/instagram.com\">\r\n                                    <i class=\"fab fa-instagram\"><\/i>\r\n                                <\/a><\/li>\r\n                                                            <li><a href=\"https:\/\/linkedin.com\">\r\n                                    <i class=\"fab fa-linkedin-in\"><\/i>\r\n                                <\/a><\/li>\r\n                                                    <\/ul>\r\n                    <\/div>\r\n                <\/div>\r\n                    <\/div>\r\n    <\/div>\r\n\t\t\t\t<\/div>\n\t\t\t\t<\/div>\n\t\t\t\t<div class=\"elementor-element elementor-element-dfe1d2b elementor-widget__width-initial elementor-widget elementor-widget-flexitype-team\" data-id=\"dfe1d2b\" data-element_type=\"widget\" data-e-type=\"widget\" data-widget_type=\"flexitype-team.default\">\n\t\t\t\t<div class=\"elementor-widget-container\">\n\t\t\t\t\t    <div class=\"flexitype_team-item\">\r\n        <div class=\"flexitype_team-item-image\">\r\n            <img decoding=\"async\" src=\"https:\/\/sintrabancol.org\/2024\/wp-content\/uploads\/2025\/07\/8.png\" alt=\"No alt text\" \/>        <\/div>\r\n        <div class=\"flexitype_team-item-content\">            \r\n            <div class=\"title\">\r\n                <h6>\r\n                                            LUIS BERNARDO MORALES MONTOYA                                    <\/h6>\r\n                <span><\/span>\r\n            <\/div>\r\n                            <div class=\"flexitype_team-item-content-icon\">\r\n                    <span class=\"fa-sharp fa-regular fa-share-nodes\"><\/span>\r\n                    <div class=\"flexitype_team-item-content-social\">\r\n                        <ul>\r\n                                                            <li><a href=\"https:\/\/facebook.com\">\r\n                                    <i class=\"fab fa-facebook-f\"><\/i>\r\n                                <\/a><\/li>\r\n                                                            <li><a href=\"https:\/\/x.com\">\r\n                                    <i class=\"fab fa-x-twitter\"><\/i>\r\n                                <\/a><\/li>\r\n                                                            <li><a href=\"https:\/\/instagram.com\">\r\n                                    <i class=\"fab fa-instagram\"><\/i>\r\n                                <\/a><\/li>\r\n                                                            <li><a href=\"https:\/\/linkedin.com\">\r\n                                    <i class=\"fab fa-linkedin-in\"><\/i>\r\n                                <\/a><\/li>\r\n                                                    <\/ul>\r\n                    <\/div>\r\n                <\/div>\r\n                    <\/div>\r\n    <\/div>\r\n\t\t\t\t<\/div>\n\t\t\t\t<\/div>\n\t\t\t\t<div class=\"elementor-element elementor-element-8841bde elementor-widget__width-initial elementor-widget elementor-widget-flexitype-team\" data-id=\"8841bde\" data-element_type=\"widget\" data-e-type=\"widget\" data-widget_type=\"flexitype-team.default\">\n\t\t\t\t<div class=\"elementor-widget-container\">\n\t\t\t\t\t    <div class=\"flexitype_team-item\">\r\n        <div class=\"flexitype_team-item-image\">\r\n            <img decoding=\"async\" src=\"https:\/\/sintrabancol.org\/2024\/wp-content\/uploads\/2025\/07\/4-2.png\" alt=\"No alt text\" \/>        <\/div>\r\n        <div class=\"flexitype_team-item-content\">            \r\n            <div class=\"title\">\r\n                <h6>\r\n                                            HAROLD ZAMIR MARROQU\u00cdN ORTIZ                                    <\/h6>\r\n                <span><\/span>\r\n            <\/div>\r\n                            <div class=\"flexitype_team-item-content-icon\">\r\n                    <span class=\"fa-sharp fa-regular fa-share-nodes\"><\/span>\r\n                    <div class=\"flexitype_team-item-content-social\">\r\n                        <ul>\r\n                                                            <li><a href=\"https:\/\/facebook.com\">\r\n                                    <i class=\"fab fa-facebook-f\"><\/i>\r\n                                <\/a><\/li>\r\n                                                            <li><a href=\"https:\/\/x.com\">\r\n                                    <i class=\"fab fa-x-twitter\"><\/i>\r\n                                <\/a><\/li>\r\n                                                            <li><a href=\"https:\/\/instagram.com\">\r\n                                    <i class=\"fab fa-instagram\"><\/i>\r\n                                <\/a><\/li>\r\n                                                            <li><a href=\"https:\/\/linkedin.com\">\r\n                                    <i class=\"fab fa-linkedin-in\"><\/i>\r\n                                <\/a><\/li>\r\n                                                    <\/ul>\r\n                    <\/div>\r\n                <\/div>\r\n                    <\/div>\r\n    <\/div>\r\n\t\t\t\t<\/div>\n\t\t\t\t<\/div>\n\t\t\t\t<div class=\"elementor-element elementor-element-af2cc43 elementor-widget__width-initial elementor-widget elementor-widget-flexitype-team\" data-id=\"af2cc43\" data-element_type=\"widget\" data-e-type=\"widget\" data-widget_type=\"flexitype-team.default\">\n\t\t\t\t<div class=\"elementor-widget-container\">\n\t\t\t\t\t    <div class=\"flexitype_team-item\">\r\n        <div class=\"flexitype_team-item-image\">\r\n            <img decoding=\"async\" src=\"https:\/\/sintrabancol.org\/2024\/wp-content\/uploads\/2025\/07\/Adolfo-Leon-Garcia-Galvis.png\" alt=\"No alt text\" \/>        <\/div>\r\n        <div class=\"flexitype_team-item-content\">            \r\n            <div class=\"title\">\r\n                <h6>\r\n                                            NIXON ANDR\u00c9S MAR\u00cdN DUARTE                                    <\/h6>\r\n                <span><\/span>\r\n            <\/div>\r\n                            <div class=\"flexitype_team-item-content-icon\">\r\n                    <span class=\"fa-sharp fa-regular fa-share-nodes\"><\/span>\r\n                    <div class=\"flexitype_team-item-content-social\">\r\n                        <ul>\r\n                                                            <li><a href=\"https:\/\/facebook.com\">\r\n                                    <i class=\"fab fa-facebook-f\"><\/i>\r\n                                <\/a><\/li>\r\n                                                            <li><a href=\"https:\/\/x.com\">\r\n                                    <i class=\"fab fa-x-twitter\"><\/i>\r\n                                <\/a><\/li>\r\n                                                            <li><a href=\"https:\/\/instagram.com\">\r\n                                    <i class=\"fab fa-instagram\"><\/i>\r\n                                <\/a><\/li>\r\n                                                            <li><a href=\"https:\/\/linkedin.com\">\r\n                                    <i class=\"fab fa-linkedin-in\"><\/i>\r\n                                <\/a><\/li>\r\n                                                    <\/ul>\r\n                    <\/div>\r\n                <\/div>\r\n                    <\/div>\r\n    <\/div>\r\n\t\t\t\t<\/div>\n\t\t\t\t<\/div>\n\t\t\t\t<div class=\"elementor-element elementor-element-f297d9b elementor-widget__width-initial elementor-widget elementor-widget-flexitype-team\" data-id=\"f297d9b\" data-element_type=\"widget\" data-e-type=\"widget\" data-widget_type=\"flexitype-team.default\">\n\t\t\t\t<div class=\"elementor-widget-container\">\n\t\t\t\t\t    <div class=\"flexitype_team-item\">\r\n        <div class=\"flexitype_team-item-image\">\r\n            <img decoding=\"async\" src=\"https:\/\/sintrabancol.org\/2024\/wp-content\/uploads\/2025\/07\/1-3.png\" alt=\"No alt text\" \/>        <\/div>\r\n        <div class=\"flexitype_team-item-content\">            \r\n            <div class=\"title\">\r\n                <h6>\r\n                                            ADOLFO LE\u00d3N GARC\u00cdA GALVIS                                    <\/h6>\r\n                <span><\/span>\r\n            <\/div>\r\n                            <div class=\"flexitype_team-item-content-icon\">\r\n                    <span class=\"fa-sharp fa-regular fa-share-nodes\"><\/span>\r\n                    <div class=\"flexitype_team-item-content-social\">\r\n                        <ul>\r\n                                                            <li><a href=\"https:\/\/facebook.com\">\r\n                                    <i class=\"fab fa-facebook-f\"><\/i>\r\n                                <\/a><\/li>\r\n                                                            <li><a href=\"https:\/\/x.com\">\r\n                                    <i class=\"fab fa-x-twitter\"><\/i>\r\n                                <\/a><\/li>\r\n                                                            <li><a href=\"https:\/\/instagram.com\">\r\n                                    <i class=\"fab fa-instagram\"><\/i>\r\n                                <\/a><\/li>\r\n                                                            <li><a href=\"https:\/\/linkedin.com\">\r\n                                    <i class=\"fab fa-linkedin-in\"><\/i>\r\n                                <\/a><\/li>\r\n                                                    <\/ul>\r\n                    <\/div>\r\n                <\/div>\r\n                    <\/div>\r\n    <\/div>\r\n\t\t\t\t<\/div>\n\t\t\t\t<\/div>\n\t\t\t\t\t<\/div>\n\t\t<\/div>\n\t\t\t\t\t<\/div>\n\t\t<\/section>\n\t\t\t\t<\/div>\n\t\t","protected":false},"excerpt":{"rendered":"<p>ADAN FERNEY PINEDA BONILLA Presidente LUIS ENRIQUE LARA TORRES Vicepresidente WILSON ENRIQUE DELGADO DUARTE Secretario General CARLOS ADOLFO GONZ\u00c1LEZ FLORI\u00c1N Fiscal JUAN ROBERT MONTEALEGRE LE\u00d3N Secretar\u00eda de Educaci\u00f3n LUIS BERNARDO MORALES MONTOYA HAROLD ZAMIR MARROQU\u00cdN ORTIZ NIXON ANDR\u00c9S MAR\u00cdN DUARTE ADOLFO LE\u00d3N GARC\u00cdA GALVIS<\/p>\n","protected":false},"author":1,"featured_media":0,"parent":0,"menu_order":0,"comment_status":"closed","ping_status":"closed","template":"page-builder.php","meta":{"pagelayer_contact_templates":[],"_pagelayer_content":"","footnotes":""},"class_list":["post-23","page","type-page","status-publish","hentry"],"_links":{"self":[{"href":"https:\/\/sintrabancol.org\/2024\/wp-json\/wp\/v2\/pages\/23","targetHints":{"allow":["GET"]}}],"collection":[{"href":"https:\/\/sintrabancol.org\/2024\/wp-json\/wp\/v2\/pages"}],"about":[{"href":"https:\/\/sintrabancol.org\/2024\/wp-json\/wp\/v2\/types\/page"}],"author":[{"embeddable":true,"href":"https:\/\/sintrabancol.org\/2024\/wp-json\/wp\/v2\/users\/1"}],"replies":[{"embeddable":true,"href":"https:\/\/sintrabancol.org\/2024\/wp-json\/wp\/v2\/comments?post=23"}],"version-history":[{"count":18,"href":"https:\/\/sintrabancol.org\/2024\/wp-json\/wp\/v2\/pages\/23\/revisions"}],"predecessor-version":[{"id":6696,"href":"https:\/\/sintrabancol.org\/2024\/wp-json\/wp\/v2\/pages\/23\/revisions\/6696"}],"wp:attachment":[{"href":"https:\/\/sintrabancol.org\/2024\/wp-json\/wp\/v2\/media?parent=23"}],"curies":[{"name":"wp","href":"https:\/\/api.w.org\/{rel}","templated":true}]}}